factors of 281?
281
List the prime factors of 1678.
2, 839
What are the prime factors of 29876?
2, 7, 11, 97
List the prime factors of 5700.
2, 3, 5, 19
List the prime factors of 1770.
2, 3, 5, 59
What are the prime factors of 1171?
1171
List the prime factors of 36508.
2, 9127
List the prime factors of 72298.
2, 37, 977
What are the prime factors of 642?
2, 3, 107
What are the prime factors of 14866?
2, 7433
What are the prime factors of 34376?
2, 4297
List the prime factors of 1479.
3, 17, 29
List the prime factors of 454.
2, 227
What are the prime factors of 9593?
53, 181
What are the prime factors of 2188?
2, 547
List the prime factors of 356.
2, 89
List the prime factors of 13815.
3, 5, 307
List the prime factors of 2144.
2, 67
List the prime factors of 4628.
2, 13, 89
List the prime factors of 3783.
3, 13, 97
What are the prime factors of 207?
3, 23
What are the prime factors of 2086?
2, 7, 149
What are the prime factors of 612?
2, 3, 17
What are the prime factors of 104937?
3, 7, 19, 263
What are the prime factors of 708?
2, 3, 59
What are the prime factors of 1378?
2, 13, 53
What are the prime factors of 1962?
2, 3, 109
What are the prime factors of 790?
2, 5, 79
What are the prime factors of 25819?
25819
List the prime factors of 798.
2, 3, 7, 19
List the prime factors of 2618.
2, 7, 11, 17
What are the prime factors of 2866?
2, 1433
What are the prime factors of 227?
227
List the prime factors of 4811.
17, 283
List the prime factors of 1033.
1033
What are the prime factors of 1198?
2, 599
What are the prime factors of 319?
11, 29
List the prime factors of 162109.
162109
What are the prime factors of 159017?
159017
List the prime factors of 43009.
41, 1049
What are the prime factors of 11744?
2, 367
List the prime factors of 13774.
2, 71, 97
List the prime factors of 6270.
2, 3, 5, 11, 19
What are the prime factors of 3255?
3, 5, 7, 31
List the prime factors of 65507.
13, 5039
List the prime factors of 4141.
41, 101
What are the prime factors of 1504?
2, 47
What are the prime factors of 1228?
2, 307
List the prime factors of 6099.
3, 19, 107
List the prime factors of 20730.
2, 3, 5, 691
What are the prime factors of 26848?
2, 839
List the prime factors of 2056.
2, 257
What are the prime factors of 2752?
2, 43
List the prime factors of 1612.
2, 13, 31
What are the prime factors of 3483?
3, 43
List the prime factors of 124440.
2, 3, 5, 17, 61
What are the prime factors of 1113?
3, 7, 53
List the prime factors of 1400.
2, 5, 7
What are the prime factors of 992?
2, 31
List the prime factors of 135.
3, 5
List the prime factors of 1906.
2, 953
List the prime factors of 12045.
3, 5, 11, 73
List the prime factors of 7108.
2, 1777
List the prime factors of 3328.
2, 13
List the prime factors of 8574.
2, 3, 1429
List the prime factors of 282.
2, 3, 47
What are the prime factors of 7012?
2, 1753
List the prime factors of 539.
7, 11
What are the prime factors of 75756?
2, 3, 59, 107
List the prime factors of 81175.
5, 17, 191
List the prime factors of 715.
5, 11, 13
What are the prime factors of 104567?
17, 6151
List the prime factors of 1302.
2, 3, 7, 31
List the prime factors of 29948.
2, 7487
List the prime factors of 5507.
5507
What are the prime factors of 1640?
2, 5, 41
What are the prime factors of 1627?
1627
List the prime factors of 147535.
5, 19, 1553
What are the prime factors of 392?
2, 7
List the prime factors of 3412.
2, 853
List the prime factors of 5793.
3, 1931
List the prime factors of 21282.
2, 3, 3547
List the prime factors of 50676.
2, 3, 41, 103
What are the prime factors of 38655?
3, 5, 859
What are the prime factors of 2218?
2, 1109
What are the prime factors of 11738?
2, 5869
List the prime factors of 218.
2, 109
List the prime factors of 3486.
2, 3, 7, 83
What are the prime factors of 4284?
2, 3, 7, 17
What are the prime factors of 32929?
13, 17, 149
What are the prime factors of 138687?
3, 46229
List the prime factors of 1456.
2, 7, 13
List the prime factors of 1199.
11, 109
What are the prime factors of 2930?
2, 5, 293
What are the prime factors of 5419?
5419
List the prime factors of 68373.
3, 71, 107
List the prime factors of 24671.
24671
What are the prime factors of 14866?
2, 7433
List the prime factors of 119.
7, 17
What are the prime factors of 1838?
2, 919
What are the prime factors of 64742?
2, 32371
List the prime factors of 1019.
1019
What are the prime factors of 29853?
3, 31, 107
What are the prime factors of 2507?
23, 109
What are the prime factors of 16369?
16369
List the prime factors of 1687.
7, 241
List the prime factors of 178770.
2, 3, 5, 59, 101
List the prime factors of 809.
809
What are the prime factors of 2991?
3, 997
What are the prime factors of 472?
2, 59
List the prime factors of 48125.
5, 7, 11
List the prime factors of 184653.
3, 7, 977
List the prime factors of 128345.
5, 7, 19, 193
List the prime factors of 759.
3, 11, 23
List the prime factors of 129959.
129959
What are the prime factors of 8059?
8059
List the prime factors of 485.
5, 97
What are the prime factors of 12252?
2, 3, 1021
List the prime factors of 34104.
2, 3, 7, 29
List the prime factors of 92603.
7, 13229
What are the prime factors of 3526?
2, 41, 43
List the prime factors of 2032.
2, 127
What are the prime factors of 511?
7, 73
List the prime factors of 7817.
7817
List the prime factors of 1980.
2, 3, 5, 11
List the prime factors of 15565.
5, 11, 283
List the prime factors of 3176.
2, 397
What are the prime factors of 50970?
2, 3, 5, 1699
What are the prime factors of 13649?
13649
What are the prime factors of 3628?
2, 907
What are the prime factors of 18329?
18329
List the prime factors of 37230.
2, 3, 5, 17, 73
What are the prime factors of 119337?
3, 39779
What are the prime factors of 105691?
105691
What are the prime factors of 19719?
3, 7, 313
List the prime factors of 53814.
2, 3, 8969
List the prime factors of 6177.
3, 29, 71
List the prime factors of 5167.
5167
List the prime factors of 6327.
3, 19, 37
What are the prime factors of 7054?
2, 3527
What are the prime factors of 15345?
3, 5, 11, 31
List the prime factors of 1683.
3, 11, 17
What are the prime factors of 5798?
2, 13, 223
List the prime factors of 12019.
7, 17, 101
List the prime factors of 90997.
90997
What are the prime factors of 79338?
2, 3, 7, 1889
List the prime factors of 1961.
37, 53
List the prime factors of 17799.
3, 17, 349
What are the prime factors of 1318?
2, 659
What are the prime factors of 69105?
3, 5, 17, 271
What are the prime factors of 2355?
3, 5, 157
What are the prime factors of 10025?
5, 401
What are the prime factors of 2792?
2, 349
What are the prime factors of 12544?
2, 7
List the prime factors of 989.
23, 43
List the prime factors of 40041.
3, 1483
List the prime factors of 67038.
2, 3, 11173
What are the prime factors of 26347?
26347
List the prime factors of 48467.
17, 2851
What are the prime factors of 518?
2, 7, 37
What are the prime factors of 7944?
2, 3, 331
What are the prime factors of 199?
199
What are the prime factors of 32214?
2, 3, 7, 13, 59
What are the prime factors of 3386?
2, 1693
What are the prime factors of 1499?
1499
List the prime factors of 393.
3, 131
What are the prime factors of 998?
2, 499
List the prime factors of 660.
2, 3, 5, 11
What are the prime factors of 5707?
13, 439
List the prime factors of 5948.
2, 1487
What are the prime factors of 66859?
13, 37, 139
List the prime factors of 404.
2, 101
List the prime factors of 79481.
79481
What are the prime factors of 9941?
9941
List the prime factors of 133579.
31, 139
List the prime factors of 769.
769
List the prime factors of 43276.
2, 31, 349
What are the prime factors of 2153?
2153
List the prime factors of 179818.
2, 89909
List the prime factors of 1830.
2, 3, 5, 61
List the prime factors of 6041.
7, 863
List the prime factors of 5204.
2, 1301
List the prime factors of 44952.
2, 3, 1873
List the prime factors of 28325.
5, 11, 103
List the prime factors of 894.
2, 3, 149
What are the prime factors of 3100?
2, 5, 31
List the prime factors of 88725.
3, 5, 7, 13
List the prime factors of 208.
2, 13
What are the prime factors of 129535?
5, 7, 3701
What are the prime factors of 45388?
2, 7, 1621
What are the prime factors of 751?
751
List the p